- 7*o. Let l = -34 + 47. What is the remainder when l is divided by o?
3
Suppose -86*n + 15 = -85*n. Calculate the remainder when 114 is divided by n.
9
Calculate the remainder when 66 is divided by -314*(-3)/42 + (-8)/(-14).
20
Let w be (-23)/(-1*(0 + 1)). Let g be (3 - 24/9) + (-214)/(-6). Let b = g - w. What is the remainder when b is divided by 5?
3
Let u = -14 + 7. Let j = -7 - u. Suppose -4*l + 176 = 4*k, -2*k + 4*l + 58 = -j*l. Calculate the remainder when k is divided by 21.
18
Suppose 0 = -3*d + 3 + 21. What is the remainder when 22 is divided by d?
6
Calculate the remainder when 191 is divided by 3*(-40)/(-4) + 2.
31
Suppose -3*k + 144 + 24 = 0. What is the remainder when k is divided by 30?
26
Let i = -38 - -40. Suppose 0 = -5*g + 4*w + 29 - 8, g = -2*w - 7. Calculate the remainder when i is divided by g.
0
Suppose -1 - 6 = -r. Let b(k) = -k**2 + 10*k + 4. What is the remainder when b(r) is divided by 9?
7
Let z = -226 + 146. Let x = 166 + z. Calculate the remainder when x is divided by 22.
20
Let n be 6 - 0 - (3 - 1). Suppose -n*p + 3*q = 0, 21 = 2*p + p + 3*q. Suppose 0*t + 29 = 2*t - 5*m, 3*m = p. Calculate the remainder when 33 is divided by t.
16
Suppose 3*v = -9 - 3. Let c be (-3 + 1 - v)*29. Suppose -4*p + c = p + f, 0 = -5*p - 4*f + 52. What is the remainder when 34 is divided by p?
10
Let w = 71 - 39. What is the remainder when w is divided by 11?
10
Suppose -3*a = -4*p + 4, 5*p + 4*a + 0*a - 36 = 0. Suppose 3*x + 5*r + 0 + p = 0, 0 = -r - 5. Calculate the remainder when 18 is divided by x.
4
Suppose -6 = -3*h - 3*z - 0, 4*h + 4 = -z. What is the remainder when h/(-3)*81/6 is divided by 6?
3
Let s = -103 + 35. Let h = s - -115. What is the remainder when h is divided by 16?
15
Let s(z) = -z**2 - 9*z - 10. Let k be s(-7). Suppose -19 + 3 = -k*f. Calculate the remainder when f is divided by 4.
0
Calculate the remainder when (1 - 1 - -1) + 31 is divided by 4/(-18) - (-3 - 814/99).
10
Let b be -1 - 1/((-1)/2). Suppose -10 - b = -o. What is the remainder when 31 is divided by o?
9
Suppose -2*v + 5 = k + 2, 2*v + 10 = 0. Calculate the remainder when ((-537)/45 - 8/20)*-3 is divided by k.
11
Suppose 3*u - 61 + 1 = 0. Suppose -2*n = -3*n. Suppose 21 = 3*f - n*f. Calculate the remainder when u is divided by f.
6
Suppose 5*z = 2*z - 12. Let o = 9 + z. Suppose h = -o*u + 16, 5*h = h - u + 26. What is the remainder when 17 is divided by h?
5
Let c(u) = 23*u**2 + 7*u - 15. What is the remainder when c(2) is divided by 24?
19
Let j(f) = -f**3 + 7*f**2 + 9*f + 3. Suppose -3*i - 7 = s - 60, i + 3*s - 7 = 0. Calculate the remainder when i is divided by j(8).
8
Let n = -5 - -7. Calculate the remainder when 20 is divided by -3 - (1 - n - 13).
9
Suppose -2*z + 7 = -3*u - 4*z, -3 = -3*u + 3*z. Let f be 2 + (u - 2)/3. Let w(k) = 8*k - 1. Calculate the remainder when w(f) is divided by 3.
1
Let s be 14/(-21) + 14/3. Suppose s*d + 265 = 9*d. What is the remainder when d is divided by 18?
17
Let a(u) = u**3 + u + 2. Let i be a(3). Suppose -4*m + i = -0*m. Calculate the remainder when 30 is divided by m.
6
Suppose 4*v - 18 = -z, 0*z - 2*v - 26 = -2*z. Let x = 80 + -40. Calculate the remainder when x is divided by z.
12
Let j(t) = 3*t**3 + 3*t**2 - t - 4. Calculate the remainder when j(3) is divided by 26.
23
Let p = 35 - 64. Let n = p - -48. What is the remainder when n is divided by 7?
5
Suppose -3*x = 4*q - 101, 0*q - 29 = -x + q. Suppose -4*g - 38 = -2*c, 5*c + g - 89 = 5*g. What is the remainder when x is divided by c?
14
Let a(i) = 13*i**3 - 2*i**2 + 2*i - 1. Calculate the remainder when a(1) is divided by 4.
0
Let q(u) = 3*u - 7. Let j(n) = -n + 1. Let f be j(-3). Let m(w) = -w**3 + 5*w**2 + 5*w - 5. Calculate the remainder when m(f) is divided by q(6).
9
Let c be (-2)/4*(7 - 1). Let w = c + 10. Calculate the remainder when 25/2 + 1/2 is divided by w.
6
What is the remainder when 1*19 + 30/15 is divided by 11?
10
Suppose -5*m = -2*g - 73, 5*m + 2*g = 23 + 34. Suppose 5*c - m = 12. Calculate the remainder when 17 is divided by c.
2
What is the remainder when 153/2*(-22)/(-33) is divided by 18?
15
Suppose 15*p - 437 - 88 = 0. What is the remainder when 174 is divided by p?
34
Let i(d) = -5*d - 2. Let n be i(-1). What is the remainder when 1/(-1) - (n - 14) is divided by 4?
2
Let p(z) = z**2 - z - 5. Suppose 0*i = -3*i + 12. Calculate the remainder when p(i) is divided by 3.
1
Let b(i) = 2*i**2 + 7*i + 6. Let c(y) = -4*y**3 + y - 2. Calculate the remainder when c(-2) is divided by b(-4).
8
Suppose -m - 35 = -4*q + 360, 5*q - 5*m - 490 = 0. Calculate the remainder when q is divided by 34.
31
Let j(o) = -o**3 + 7*o**2 + 11*o - 2. Suppose 6*q - 5*b = q + 30, 3*q - 34 = -5*b. What is the remainder when j(q) is divided by 8?
6
Let w(o) = o**2 + o + 14. What is the remainder when 39 is divided by w(0)?
11
What is the remainder when 90 is divided by 43 + (24/(-2))/(-4)?
44
Suppose -5*c + 39 = 4. Let y be (-3)/(-2)*(-20)/(-3). Suppose 0 = 5*z - y - 10. What is the remainder when c is divided by z?
3
Let a = 19 + 0. Let q = -45 + 81. Calculate the remainder when q is divided by a.
17
Suppose 0 = -u - 2*u + 36. What is the remainder when u is divided by 7?
5
Suppose 3*v = x + 11, -13*x + v - 25 = -18*x. Let g(o) = 4*o**2 - 2*o + 1. What is the remainder when x is divided by g(1)?
1
Suppose -3*c = -4*k + 108, -4*k + 10 + 74 = 3*c. Suppose 0 = -4*i + 2*y + 52, -i - 2*y = -y - 13. Calculate the remainder when k is divided by i.
11
Let b = 19 + -13. Suppose 4*n + q = 37, -19 = -n + q + 2*q. What is the remainder when n is divided by b?
4
Let a be (6/4)/((-6)/(-16)). Let b = a + -3. Calculate the remainder when b is divided by 1.
0
Let r = -38 + 44. Calculate the remainder when 10 is divided by r.
4
Let y(o) = -o**3 + 8*o**2 - 6*o - 3. Let v be y(7). Suppose -3*z - 495 + 161 = -v*i, 5*z + 75 = i. Calculate the remainder when i is divided by 22.
19
Let u = 50 + -76. What is the remainder when 37 is divided by u/4*(-1 + -1)?
11
Suppose 19 - 2 = r. Calculate the remainder when r is divided by ((-36)/(-16))/((-9)/(-4) - 2).
8
Suppose -3*z - 2*z + 75 = 0. Suppose -5*y = z, -5*f + 191 = -2*y - 0*y. What is the remainder when f is divided by 19?
18
What is the remainder when (-923)/(-7) + ((-620)/70 - -9) is divided by 47?
38
Suppose 4*k + 4*b - 6*b = 10, 0 = -3*b - 3. Let y be -34 + k - (2 - 1). Let v = -23 - y. Calculate the remainder when 18 is divided by v.
8
Let h(z) = z**3 - 2*z**2 + 1. Calculate the remainder when h(4) is divided by 7.
5
Let a(c) = 5*c**2 + 5*c - 11. Let d(l) = l**2 + l - 2. Let t(o) = -6*a(o) + 33*d(o). What is the remainder when 52 is divided by t(-3)?
16
Let z = 7 + 9. Suppose -2*j = 5*b + 14, -4*b + 2*j + 0 = 4. Calculate the remainder when 47*b/6*-3 is divided by z.
15
Suppose -79 = -2*v - 23. Suppose 61 = a - 3*p - 8, 2*a - 146 = 2*p. Calculate the remainder when v is divided by ((-4)/10)/((-3)/a).
8
Suppose -2*z = -h - 4*z - 4, 39 = 4*h - 3*z. What is the remainder when h is divided by 4?
2
Let a = -21 - -3. Let y = a + 5. Let q = y - -24. Calculate the remainder when 32 is divided by q.
10
Let p = 5 - -4. What is the remainder when 320/(-10)*(-2)/4 is divided by p?
7
Suppose 9 = -3*r + 30. Calculate the remainder when 14 is divided by r.
0
Let h = -11 + 17. Let i = 3 + h. What is the remainder when i is divided by 5?
4
Calculate the remainder when ((-2)/(-3))/(4/282) is divided by (-16)/3*72/(-32).
11
Suppose 15*z - 3*k = 16*z - 14, 5*z - 70 = 2*k. Let o(p) = -2*p + 3*p**2 - 2*p + 3*p. What is the remainder when z is divided by o(-1)?
2
Suppose -20 = -4*g, -39 = 3*s + 5*g - 148. Suppose -s - 54 = -2*a. What is the remainder when a is divided by 14?
13
Let a be (-2)/3 - 33/(-9). Let f(p) = 3*p**2 - p + a*p - 4*p**2 + 2*p**2. What is the remainder when f(-3) is divided by 3?
0
Let j(t) = -3*t + 73. Calculate the remainder when 9 is divided by j(23).
1
Let n = 11 + -7. Let j(r) = r**3 - 2*r**2 + r + 3. Calculate the remainder when j(n) is divided by 20.
19
What is the remainder when 65 is divided by 34/(-6)*(0 - 3)?
14
Let z = -26 + 42. Calculate the remainder when z is divided by 6.
4
Suppose -3*n = 5*t + 14 - 4, n + 5 = -2*t. Let u(a) = -a**2 - 7*a - 1. Calculate the remainder when u(-5) is divided by n.
4
Let m = -68 - -80. What is